 what is -11 - 644315?
-644326
In base 7, what is 5 - 265145645?
-265145640
In base 13, what is 932 + 123?
a55
In base 4, what is 2 - -21203021323?
21203021331
In base 7, what is -44 - -13441615?
13441541
In base 13, what is 39178 + 155?
39300
In base 16, what is -1 - 2c14bd8?
-2c14bd9
In base 3, what is 11 - -100100111012221201?
100100111012221212
In base 2, what is 101 + -11010000101100110?
-11010000101100001
In base 11, what is 207 - -34757?
34963
In base 14, what is -7 + -624151?
-624158
In base 9, what is 158 - -580132?
580301
In base 6, what is -10 - 314555244?
-314555254
In base 6, what is 1332210513 - 0?
1332210513
In base 15, what is -2d + 97e6?
97b8
In base 4, what is 2130 + -1220303322?
-1220301132
In base 9, what is -34 - -7661327?
7661283
In base 15, what is 30409 - 95c?
2e99c
In base 9, what is 22427 + 348?
22776
In base 14, what is -117 - -6acb2?
6ab99
In base 14, what is -7c3 - -2a28?
2245
In base 2, what is 1101100000000111 + -1011100100001?
1100000011100110
In base 6, what is 43 - -25142404?
25142451
In base 2, what is 1001111001101000 + -1011000011?
1001101110100101
In base 2, what is -1001111010101111011010001 - 10?
-1001111010101111011010011
In base 7, what is 146201 + -4115?
142053
In base 6, what is -133 - -1320450?
1320313
In base 12, what is 5 - -4441732?
4441737
In base 7, what is -30546 + -53?
-30632
In base 10, what is 12532486 + -13?
12532473
In base 14, what is 5 - -179a1218?
179a121d
In base 15, what is c2 + -165a2?
-164d0
In base 3, what is 11 + 210111122101221?
210111122102002
In base 7, what is 14 + -353265263?
-353265246
In base 7, what is 541052 + -1036?
540013
In base 6, what is 32 + -3223?
-3151
In base 6, what is 5221 - 1022155?
-1012534
In base 3, what is -1120210 - 2011000000?
-2012120210
In base 11, what is -5570250 + -1?
-5570251
In base 3, what is -2222220120222 - 1021?
-2222220122020
In base 14, what is 10dc66a - 4?
10dc666
In base 10, what is -140101 - 379?
-140480
In base 8, what is 1 + 1411430257?
1411430260
In base 4, what is -3102303310 + 1?
-3102303303
In base 5, what is -3211 - 220101?
-223312
In base 15, what is 2d - 7c1961?
-7c1933
In base 7, what is 31641002 - -204?
31641206
In base 6, what is 4055504 - 1?
4055503
In base 9, what is -370187 - 57?
-370255
In base 12, what is -61578 + 4b?
-61529
In base 3, what is -11021220101100 + 11?
-11021220101012
In base 3, what is -2020221002000211000 + -12?
-2020221002000211012
In base 12, what is 1 + 24456a9?
24456aa
In base 14, what is 4 + 1204bda?
1204c00
In base 7, what is -5243232500 - 3?
-5243232503
In base 14, what is -7d59 + 205c?
-5cdb
In base 12, what is 101a2 + 762?
10944
In base 4, what is 1 + -123000213111?
-123000213110
In base 13, what is -10aa7 - -3?
-10aa4
In base 2, what is -1010111110110101 - -101101011?
-1010111001001010
In base 4, what is -100121213211123 + -1?
-100121213211130
In base 16, what is -1e4 - 83117?
-832fb
In base 15, what is a09 + -37e?
67a
In base 11, what is -3 + 9881262?
988125a
In base 9, what is 150675358 + 4?
150675363
In base 4, what is 102313 - -312113110?
312222023
In base 13, what is 2 - 2050089?
-2050087
In base 2, what is -1101111011001 + -101100?
-1110000000101
In base 4, what is -2 - 111230111030?
-111230111032
In base 2, what is -1100010011000111000 + 101?
-1100010011000110011
In base 16, what is c1ed + 154?
c341
In base 16, what is -8f083 - -ce?
-8efb5
In base 14, what is 4a81 + -73b9?
-2738
In base 14, what is -12d42ac - -2?
-12d42aa
In base 4, what is 113002 - 10111?
102231
In base 9, what is 3877311 - -13?
3877324
In base 16, what is -2b94 - 170c?
-42a0
In base 9, what is 12334 + -12602?
-257
In base 8, what is 35 - -13317735?
13317772
In base 6, what is -10 + -230340104?
-230340114
In base 16, what is 108 + -95b5?
-94ad
In base 14, what is b77d7 + -3b3?
b7424
In base 3, what is -2110 + -20101121120120?
-20101121200000
In base 3, what is 10002 - -10202022200000?
10202022210002
In base 8, what is 25 - 404035?
-404010
In base 3, what is -1120212211100 - 221221?
-1120220210021
In base 16, what is -13 - 110f23?
-110f36
In base 14, what is -17c68 - 196?
-18020
In base 8, what is -174306 + 245?
-174041
In base 11, what is 199 + -29364?
-29176
In base 16, what is -274 - 2cbe?
-2f32
In base 9, what is -1440280 - -2765?
-1436414
In base 5, what is -2344003 - -443040?
-1400413
In base 13, what is 225 + -19a5?
-1780
In base 5, what is 3303 + -1400411?
-1342103
In base 13, what is 4695a72a - 1?
4695a729
In base 6, what is 1323550325 + -2?
1323550323
In base 4, what is 1112200 - -13003?
1131203
In base 13, what is 16 + 19b506?
19b51c
In base 10, what is -5 - 3414125?
-3414130
In base 16, what is -106c4 + 154?
-10570
In base 5, what is -32020244 + 3240?
-32012004
In base 10, what is 171849 + -60?
171789
In base 3, what is -100220 - 111021100012?
-111021201002
In base 13, what is 3 + 1102c89?
1102c8c
In base 2, what is 1110110110101000 + 10101000010000?
10001011110111000
In base 14, what is d18aa + -9b?
d180d
In base 2, what is -10001010110011011101100 + 11?
-10001010110011011101001
In base 10, what is 79129 - 16655?
62474
In base 8, what is 51731 - -1170?
53121
In base 11, what is 1586 + 152aa?
16885
In base 4, what is -11 + -13100313110?
-13100313121
In base 2, what is 1100111111101111011111 + -1100?
1100111111101111010011
In base 14, what is -9d6c65 - c4?
-9d6d49
In base 10, what is -5 + -3745039?
-3745044
In base 8, what is -145156 - 5?
-145163
In base 12, what is 2ba2674b - -1?
2ba26750
In base 13, what is 5 - -124b68c?
124b694
In base 11, what is -222395 + 57a?
-221916
In base 2, what is -101110000110 - 101101001001?
-1011011001111
In base 9, what is -244157 - 76?
-244244
In base 9, what is 128252 - 374?
127767
In base 10, what is 1994765 - -7?
1994772
In base 8, what is -3 - -104375626?
104375623
In base 11, what is -449a2 + 731?
-44271
In base 6, what is -2113231143 + -10?
-2113231153
In base 4, what is -3211023 - 220321?
-10032010
In base 2, what is -110110101 + 110101100110?
101110110001
In base 5, what is 0 + -11041444423?
-11041444423
In base 8, what is 7463342 - 32?
7463310
In base 8, what is -2 - 2500157103?
-2500157105
In base 7, what is -456053 - -16110?
-436643
In base 7, what is -5 + -23431060?
-23431065
In base 3, what is -2112222111 - -202122120?
-1210022221
In base 4, what is -102 + 1211212220132?
1211212220030
In base 8, what is 2724640210 - 5?
2724640203
In base 2, what is 1011111111000100 - -10011001?
1100000001011101
In base 15, what is -29 - -80b7?
808d
In base 4, what is -222 + 22020130100?
22020123212
In base 10, what is -3 - -2175899?
2175896
In base 6, what is 4203 - -3330442?
3335045
In base 2, what is -1111000001011000011000 + 10?
-1111000001011000010110
In base 6, what is 4132 - 30133?
-22001
In base 14, what is 2 + 113b957a?
113b957c
In base 6, what is 3 + -11431542?
-11431535
In base 13, what is 822 + -4b2c8?
-4a7a6
In base 8, what is 42 + -2065514?
-2065452
In base 2, what is -1010100101100 + 101101010111?
-100111010101
In base 8, what is -123500 + -77?
-123577
In base 2, what is -100011101011101100001011 - 1?
-100011101011101100001100
In base 5, what is 3022 + -22204044?
-22201022
In base 5, what is 244111120 - 141?
244110424
In base 15, what is -1 + -791631?
-791632
In base 9, what is -21 + -14102267?
-14102288
In base 13, what is a7619 - -143?
a775c
In base 11, what is -89 - -253a0?
25312
In base 13, what is -1 + -11517344?
-11517345
In base 9, what is -13217 - 123?
-13341
In base 16, what is 92 + -620302?
-620270
In base 12, what is 2300ba3 - 0?
2300ba3
In base 12, what is -6022 - -102a6?
6284
In base 10, what is -6708043 - -114?
-6707929
In base 6, what is -5534255341 + -5?
-5534255350
In base 10, what is -8 - 3522656?
-3522664
In base 5, what is 0 + -434214302?
-434214302
In base 5, what is -40104244023 - -4?
-40104244014
In base 3, what is 0 - 1000220011110002?
-1000220011110002
In base 12, what is -3 - 52b747?
-52b74a
In base 7, what is -2 - -261633050?
261633045
In base 3, what is 11100 - 1000002100?
-222221000
In base 11, what is 96 - 1406282?
-1406197
In base 2, what is 1011111011 - -100111000010100101?
100111001110100000
In base 3, what is -1210100100 - 2001?
-1210102101
In base 13, what is -82 + -76167?
-76219
In base 5, what is -113434 + -32402?
-201341
In bas